{"id":1111,"date":"2025-02-17T12:25:51","date_gmt":"2025-02-17T12:25:51","guid":{"rendered":"https:\/\/migueldecervantestomelloso.com\/?page_id=1111"},"modified":"2025-02-17T16:52:42","modified_gmt":"2025-02-17T16:52:42","slug":"etwinning-2","status":"publish","type":"page","link":"https:\/\/migueldecervantestomelloso.com\/?page_id=1111","title":{"rendered":"eTwinning"},"content":{"rendered":"\t\t<div data-elementor-type=\"wp-page\" data-elementor-id=\"1111\" class=\"elementor elementor-1111\">\n\t\t\t\t\t\t<section class=\"elementor-section elementor-top-section elementor-element elementor-element-b0f68ee elementor-section-boxed elementor-section-height-default elementor-section-height-default\" data-id=\"b0f68ee\" data-element_type=\"section\" data-e-type=\"section\">\n\t\t\t\t\t\t<div class=\"elementor-container elementor-column-gap-default\">\n\t\t\t\t\t<div class=\"elementor-column elementor-col-33 elementor-top-column elementor-element elementor-element-7bf847b\" data-id=\"7bf847b\" data-element_type=\"column\" data-e-type=\"column\">\n\t\t\t<div class=\"elementor-widget-wrap elementor-element-populated\">\n\t\t\t\t\t\t<div class=\"elementor-element elementor-element-d4321aa elementor-widget elementor-widget-image\" data-id=\"d4321aa\" data-element_type=\"widget\" data-e-type=\"widget\" data-widget_type=\"image.default\">\n\t\t\t\t<div class=\"elementor-widget-container\">\n\t\t\t\t\t\t\t\t\t\t\t\t\t\t\t\t<a href=\"https:\/\/school-education.ec.europa.eu\/en\/etwinning\/projects\/sport-helps-planet\/twinspace\/pages\">\n\t\t\t\t\t\t\t<img fetchpriority=\"high\" decoding=\"async\" width=\"354\" height=\"458\" src=\"https:\/\/migueldecervantestomelloso.com\/wp-content\/uploads\/2025\/02\/logo-ETW-Sports.png\" class=\"attachment-large size-large wp-image-1122\" alt=\"\" srcset=\"https:\/\/migueldecervantestomelloso.com\/wp-content\/uploads\/2025\/02\/logo-ETW-Sports.png 354w, https:\/\/migueldecervantestomelloso.com\/wp-content\/uploads\/2025\/02\/logo-ETW-Sports-232x300.png 232w\" sizes=\"(max-width: 354px) 100vw, 354px\" \/>\t\t\t\t\t\t\t\t<\/a>\n\t\t\t\t\t\t\t\t\t\t\t\t\t\t\t<\/div>\n\t\t\t\t<\/div>\n\t\t\t\t\t<\/div>\n\t\t<\/div>\n\t\t\t\t<div class=\"elementor-column elementor-col-66 elementor-top-column elementor-element elementor-element-0924d46\" data-id=\"0924d46\" data-element_type=\"column\" data-e-type=\"column\">\n\t\t\t<div class=\"elementor-widget-wrap elementor-element-populated\">\n\t\t\t\t\t\t<div class=\"elementor-element elementor-element-0365039 elementor-widget elementor-widget-text-editor\" data-id=\"0365039\" data-element_type=\"widget\" data-e-type=\"widget\" data-widget_type=\"text-editor.default\">\n\t\t\t\t<div class=\"elementor-widget-container\">\n\t\t\t\t\t\t\t\t\t<h3><span style=\"color: #000080;\">Proyecto realizado&nbsp; durante el curso 2023-24&nbsp;<\/span><span style=\"color: #000080; font-size: 18px;\">por el maestro de este centro Vicente J Becerra&nbsp;<\/span><span style=\"color: #000080; font-size: 18px;\">conjuntamente con dos profesores de la&nbsp; escuela secundaria&nbsp; Hendekyani&nbsp; de Bartin (Turqu\u00eda),&nbsp; y que fue galardonado con los sellos de calidad nacional y europeo.<\/span><\/h3>\n<h3><span style=\"color: #000080;\">&nbsp;<span style=\"font-family: 'inherit', serif; font-size: 14pt; background-color: #f8f9fa;\">Los deportes alternativos son una buena forma de practicar actividad f\u00edsica e involucrar a nuestros alumnos en el proceso de aprender y, al mismo tiempo, conocer otra cultura y poner en pr\u00e1ctica sus conocimientos que ayudan a la sostenibilidad del planeta.<\/span><\/span><\/h3>\n<p style=\"margin-bottom: .0001pt; line-height: 27.0pt; tab-stops: 45.8pt 91.6pt 137.4pt 183.2pt 229.0pt 274.8pt 320.6pt 366.4pt 412.2pt 458.0pt 503.8pt 549.6pt 595.4pt 641.2pt 687.0pt 732.8pt; background: #F8F9FA;\">\n<\/p>\t\t\t\t\t\t\t\t<\/div>\n\t\t\t\t<\/div>\n\t\t\t\t<div class=\"elementor-element elementor-element-b6bbb74 elementor-widget elementor-widget-image\" data-id=\"b6bbb74\" data-element_type=\"widget\" data-e-type=\"widget\" data-widget_type=\"image.default\">\n\t\t\t\t<div class=\"elementor-widget-container\">\n\t\t\t\t\t\t\t\t\t\t\t\t\t\t\t\t<a href=\"http:\/\/migueldecervantestomelloso.com\/wp-content\/uploads\/2025\/02\/national_quality_label.jpg\" data-elementor-open-lightbox=\"yes\" data-elementor-lightbox-title=\"national_quality_label\" data-e-action-hash=\"#elementor-action%3Aaction%3Dlightbox%26settings%3DeyJpZCI6MTE0MiwidXJsIjoiaHR0cHM6XC9cL21pZ3VlbGRlY2VydmFudGVzdG9tZWxsb3NvLmNvbVwvd3AtY29udGVudFwvdXBsb2Fkc1wvMjAyNVwvMDJcL25hdGlvbmFsX3F1YWxpdHlfbGFiZWwuanBnIn0%3D\">\n\t\t\t\t\t\t\t<img decoding=\"async\" width=\"300\" height=\"212\" src=\"https:\/\/migueldecervantestomelloso.com\/wp-content\/uploads\/2025\/02\/national_quality_label-300x212.jpg\" class=\"attachment-medium size-medium wp-image-1142\" alt=\"\" srcset=\"https:\/\/migueldecervantestomelloso.com\/wp-content\/uploads\/2025\/02\/national_quality_label-300x212.jpg 300w, https:\/\/migueldecervantestomelloso.com\/wp-content\/uploads\/2025\/02\/national_quality_label-1024x725.jpg 1024w, https:\/\/migueldecervantestomelloso.com\/wp-content\/uploads\/2025\/02\/national_quality_label-768x543.jpg 768w, https:\/\/migueldecervantestomelloso.com\/wp-content\/uploads\/2025\/02\/national_quality_label-1536x1087.jpg 1536w, https:\/\/migueldecervantestomelloso.com\/wp-content\/uploads\/2025\/02\/national_quality_label.jpg 1754w\" sizes=\"(max-width: 300px) 100vw, 300px\" \/>\t\t\t\t\t\t\t\t<\/a>\n\t\t\t\t\t\t\t\t\t\t\t\t\t\t\t<\/div>\n\t\t\t\t<\/div>\n\t\t\t\t<div class=\"elementor-element elementor-element-5124e36 elementor-widget elementor-widget-image\" data-id=\"5124e36\" data-element_type=\"widget\" data-e-type=\"widget\" data-widget_type=\"image.default\">\n\t\t\t\t<div class=\"elementor-widget-container\">\n\t\t\t\t\t\t\t\t\t\t\t\t\t\t\t\t<a href=\"http:\/\/migueldecervantestomelloso.com\/wp-content\/uploads\/2025\/02\/label-esep-etw-projec_page-0001.jpg\" data-elementor-open-lightbox=\"yes\" data-elementor-lightbox-title=\"label-esep-etw-projec_page-0001\" data-e-action-hash=\"#elementor-action%3Aaction%3Dlightbox%26settings%3DeyJpZCI6MTEzMywidXJsIjoiaHR0cHM6XC9cL21pZ3VlbGRlY2VydmFudGVzdG9tZWxsb3NvLmNvbVwvd3AtY29udGVudFwvdXBsb2Fkc1wvMjAyNVwvMDJcL2xhYmVsLWVzZXAtZXR3LXByb2plY19wYWdlLTAwMDEuanBnIn0%3D\">\n\t\t\t\t\t\t\t<img decoding=\"async\" width=\"300\" height=\"212\" src=\"https:\/\/migueldecervantestomelloso.com\/wp-content\/uploads\/2025\/02\/label-esep-etw-projec_page-0001-300x212.jpg\" class=\"attachment-medium size-medium wp-image-1133\" alt=\"\" srcset=\"https:\/\/migueldecervantestomelloso.com\/wp-content\/uploads\/2025\/02\/label-esep-etw-projec_page-0001-300x212.jpg 300w, https:\/\/migueldecervantestomelloso.com\/wp-content\/uploads\/2025\/02\/label-esep-etw-projec_page-0001-1024x725.jpg 1024w, https:\/\/migueldecervantestomelloso.com\/wp-content\/uploads\/2025\/02\/label-esep-etw-projec_page-0001-768x543.jpg 768w, https:\/\/migueldecervantestomelloso.com\/wp-content\/uploads\/2025\/02\/label-esep-etw-projec_page-0001-1536x1087.jpg 1536w, https:\/\/migueldecervantestomelloso.com\/wp-content\/uploads\/2025\/02\/label-esep-etw-projec_page-0001.jpg 1754w\" sizes=\"(max-width: 300px) 100vw, 300px\" \/>\t\t\t\t\t\t\t\t<\/a>\n\t\t\t\t\t\t\t\t\t\t\t\t\t\t\t<\/div>\n\t\t\t\t<\/div>\n\t\t\t\t\t<\/div>\n\t\t<\/div>\n\t\t\t\t\t<\/div>\n\t\t<\/section>\n\t\t\t\t<section class=\"elementor-section elementor-top-section elementor-element elementor-element-5049d71 elementor-section-boxed elementor-section-height-default elementor-section-height-default\" data-id=\"5049d71\" data-element_type=\"section\" data-e-type=\"section\">\n\t\t\t\t\t\t<div class=\"elementor-container elementor-column-gap-default\">\n\t\t\t\t\t<div class=\"elementor-column elementor-col-33 elementor-top-column elementor-element elementor-element-57ccd79\" data-id=\"57ccd79\" data-element_type=\"column\" data-e-type=\"column\">\n\t\t\t<div class=\"elementor-widget-wrap\">\n\t\t\t\t\t\t\t<\/div>\n\t\t<\/div>\n\t\t\t\t<div class=\"elementor-column elementor-col-33 elementor-top-column elementor-element elementor-element-a466e67\" data-id=\"a466e67\" data-element_type=\"column\" data-e-type=\"column\">\n\t\t\t<div class=\"elementor-widget-wrap\">\n\t\t\t\t\t\t\t<\/div>\n\t\t<\/div>\n\t\t\t\t<div class=\"elementor-column elementor-col-33 elementor-top-column elementor-element elementor-element-385a4a1\" data-id=\"385a4a1\" data-element_type=\"column\" data-e-type=\"column\">\n\t\t\t<div class=\"elementor-widget-wrap\">\n\t\t\t\t\t\t\t<\/div>\n\t\t<\/div>\n\t\t\t\t\t<\/div>\n\t\t<\/section>\n\t\t\t\t<section class=\"elementor-section elementor-top-section elementor-element elementor-element-4fee79e elementor-section-boxed elementor-section-height-default elementor-section-height-default\" data-id=\"4fee79e\" data-element_type=\"section\" data-e-type=\"section\">\n\t\t\t\t\t\t<div class=\"elementor-container elementor-column-gap-default\">\n\t\t\t\t\t<div class=\"elementor-column elementor-col-33 elementor-top-column elementor-element elementor-element-0be25d3\" data-id=\"0be25d3\" data-element_type=\"column\" data-e-type=\"column\">\n\t\t\t<div class=\"elementor-widget-wrap elementor-element-populated\">\n\t\t\t\t\t\t<div class=\"elementor-element elementor-element-267a445 elementor-widget elementor-widget-image\" data-id=\"267a445\" data-element_type=\"widget\" data-e-type=\"widget\" data-widget_type=\"image.default\">\n\t\t\t\t<div class=\"elementor-widget-container\">\n\t\t\t\t\t\t\t\t\t\t\t\t\t\t\t\t<a href=\"https:\/\/school-education.ec.europa.eu\/en\/etwinning\/projects\/stacking-y-capacidades-fisicas-juegos-ludicos-para-alumnos\">\n\t\t\t\t\t\t\t<img loading=\"lazy\" decoding=\"async\" width=\"306\" height=\"372\" src=\"https:\/\/migueldecervantestomelloso.com\/wp-content\/uploads\/2025\/02\/logo-ETW-Stacking.png\" class=\"attachment-large size-large wp-image-1121\" alt=\"\" srcset=\"https:\/\/migueldecervantestomelloso.com\/wp-content\/uploads\/2025\/02\/logo-ETW-Stacking.png 306w, https:\/\/migueldecervantestomelloso.com\/wp-content\/uploads\/2025\/02\/logo-ETW-Stacking-247x300.png 247w\" sizes=\"(max-width: 306px) 100vw, 306px\" \/>\t\t\t\t\t\t\t\t<\/a>\n\t\t\t\t\t\t\t\t\t\t\t\t\t\t\t<\/div>\n\t\t\t\t<\/div>\n\t\t\t\t\t<\/div>\n\t\t<\/div>\n\t\t\t\t<div class=\"elementor-column elementor-col-66 elementor-top-column elementor-element elementor-element-1b8aa81\" data-id=\"1b8aa81\" data-element_type=\"column\" data-e-type=\"column\">\n\t\t\t<div class=\"elementor-widget-wrap elementor-element-populated\">\n\t\t\t\t\t\t<div class=\"elementor-element elementor-element-f4412e9 elementor-widget elementor-widget-text-editor\" data-id=\"f4412e9\" data-element_type=\"widget\" data-e-type=\"widget\" data-widget_type=\"text-editor.default\">\n\t\t\t\t<div class=\"elementor-widget-container\">\n\t\t\t\t\t\t\t\t\t<h3><span style=\"color: #000080; font-size: 18px;\">Proyecto desarrollado en el curso 2023-24 por el maestro de este centro Vicente J Becerra\u00a0 Ca\u00f1as\u00a0<\/span><span style=\"color: #000080; font-size: 18px;\">conjuntamente con Carmelo J Trapero Huete, maestro de Educaci\u00f3n F\u00edsica del\u00a0 CEIP F\u00e9lix Grande de Tomelloso.<\/span><\/h3><h4 style=\"text-align: left;\"><span style=\"color: #000080; font-family: arial, sans-serif; font-size: medium; letter-spacing: 0.0192px;\">Con este proyecto,\u00a0 hemos querido desarrollar con el alumnado de 6\u00ba de EP en el \u00e1rea de educaci\u00f3n f\u00edsica juegos y actividades enfocadas a la mejora de las capacidades f\u00edsicas b\u00e1sicas as\u00ed como la coordinaci\u00f3n \u00f3culo-manual y el trabajo cooperativo en un entorno l\u00fadico y con un recurso como apilar vasos especiales al uso.<\/span><\/h4>\t\t\t\t\t\t\t\t<\/div>\n\t\t\t\t<\/div>\n\t\t\t\t\t<\/div>\n\t\t<\/div>\n\t\t\t\t\t<\/div>\n\t\t<\/section>\n\t\t\t\t<section class=\"elementor-section elementor-top-section elementor-element elementor-element-e2f175b elementor-section-boxed elementor-section-height-default elementor-section-height-default\" data-id=\"e2f175b\" data-element_type=\"section\" data-e-type=\"section\">\n\t\t\t\t\t\t<div class=\"elementor-container elementor-column-gap-default\">\n\t\t\t\t\t<div class=\"elementor-column elementor-col-33 elementor-top-column elementor-element elementor-element-0754179\" data-id=\"0754179\" data-element_type=\"column\" data-e-type=\"column\">\n\t\t\t<div class=\"elementor-widget-wrap elementor-element-populated\">\n\t\t\t\t\t\t<div class=\"elementor-element elementor-element-5899ded elementor-widget elementor-widget-image\" data-id=\"5899ded\" data-element_type=\"widget\" data-e-type=\"widget\" data-widget_type=\"image.default\">\n\t\t\t\t<div class=\"elementor-widget-container\">\n\t\t\t\t\t\t\t\t\t\t\t\t\t\t\t\t<a href=\"https:\/\/fruitsproject.blogspot.com\/\">\n\t\t\t\t\t\t\t<img loading=\"lazy\" decoding=\"async\" width=\"500\" height=\"500\" src=\"https:\/\/migueldecervantestomelloso.com\/wp-content\/uploads\/2025\/02\/logo-ETW-Fruits2.jpeg\" class=\"attachment-large size-large wp-image-1120\" alt=\"\" srcset=\"https:\/\/migueldecervantestomelloso.com\/wp-content\/uploads\/2025\/02\/logo-ETW-Fruits2.jpeg 500w, https:\/\/migueldecervantestomelloso.com\/wp-content\/uploads\/2025\/02\/logo-ETW-Fruits2-300x300.jpeg 300w, https:\/\/migueldecervantestomelloso.com\/wp-content\/uploads\/2025\/02\/logo-ETW-Fruits2-150x150.jpeg 150w, https:\/\/migueldecervantestomelloso.com\/wp-content\/uploads\/2025\/02\/logo-ETW-Fruits2-70x70.jpeg 70w, https:\/\/migueldecervantestomelloso.com\/wp-content\/uploads\/2025\/02\/logo-ETW-Fruits2-246x246.jpeg 246w, https:\/\/migueldecervantestomelloso.com\/wp-content\/uploads\/2025\/02\/logo-ETW-Fruits2-276x276.jpeg 276w, https:\/\/migueldecervantestomelloso.com\/wp-content\/uploads\/2025\/02\/logo-ETW-Fruits2-125x125.jpeg 125w\" sizes=\"(max-width: 500px) 100vw, 500px\" \/>\t\t\t\t\t\t\t\t<\/a>\n\t\t\t\t\t\t\t\t\t\t\t\t\t\t\t<\/div>\n\t\t\t\t<\/div>\n\t\t\t\t\t<\/div>\n\t\t<\/div>\n\t\t\t\t<div class=\"elementor-column elementor-col-66 elementor-top-column elementor-element elementor-element-f37d4cb\" data-id=\"f37d4cb\" data-element_type=\"column\" data-e-type=\"column\">\n\t\t\t<div class=\"elementor-widget-wrap elementor-element-populated\">\n\t\t\t\t\t\t<div class=\"elementor-element elementor-element-7cfd0bc elementor-widget elementor-widget-text-editor\" data-id=\"7cfd0bc\" data-element_type=\"widget\" data-e-type=\"widget\" data-widget_type=\"text-editor.default\">\n\t\t\t\t<div class=\"elementor-widget-container\">\n\t\t\t\t\t\t\t\t\t<h3><span style=\"color: #000080;\">Proyecto realizado&nbsp; durante el curso 2024-25 por las maestras de nuestro centro Celeste Morales (Tutora de 4\u00ba B) y Maribel Ballesteros (Tutora de 2\u00ba A)&nbsp; conjuntamente con centros europeos de Polonia, Holanda, Turqu\u00eda, B\u00e9lgica, Portugal, Eslovenia, Eslovaquia y Grecia.<\/span><\/h3>\n<p><span style=\"color: #000080;\">Las metas que se persiguen con el mismo son&nbsp; desarrollar el conocimiento de nuestros alumnos sobre diferentes tipos de vegetales y frutas, su valor nutricional y su importancia en la dieta diaria&nbsp;<\/span><\/p>\t\t\t\t\t\t\t\t<\/div>\n\t\t\t\t<\/div>\n\t\t\t\t\t<\/div>\n\t\t<\/div>\n\t\t\t\t\t<\/div>\n\t\t<\/section>\n\t\t\t\t<\/div>\n\t\t","protected":false},"excerpt":{"rendered":"<p>Proyecto realizado&nbsp; durante el curso 2023-24&nbsp;por el maestro de este centro Vicente J Becerra&nbsp;conjuntamente con dos profesores de la&nbsp; escuela &hellip; <\/p>\n<div class=\"pvc_clear\"><\/div>\n<p id=\"pvc_stats_1111\" class=\"pvc_stats all  \" data-element-id=\"1111\" style=\"\"><i class=\"pvc-stats-icon medium\" aria-hidden=\"true\"><svg aria-hidden=\"true\" focusable=\"false\" data-prefix=\"far\" data-icon=\"chart-bar\" role=\"img\" xmlns=\"http:\/\/www.w3.org\/2000\/svg\" viewBox=\"0 0 512 512\" class=\"svg-inline--fa fa-chart-bar fa-w-16 fa-2x\"><path fill=\"currentColor\" d=\"M396.8 352h22.4c6.4 0 12.8-6.4 12.8-12.8V108.8c0-6.4-6.4-12.8-12.8-12.8h-22.4c-6.4 0-12.8 6.4-12.8 12.8v230.4c0 6.4 6.4 12.8 12.8 12.8zm-192 0h22.4c6.4 0 12.8-6.4 12.8-12.8V140.8c0-6.4-6.4-12.8-12.8-12.8h-22.4c-6.4 0-12.8 6.4-12.8 12.8v198.4c0 6.4 6.4 12.8 12.8 12.8zm96 0h22.4c6.4 0 12.8-6.4 12.8-12.8V204.8c0-6.4-6.4-12.8-12.8-12.8h-22.4c-6.4 0-12.8 6.4-12.8 12.8v134.4c0 6.4 6.4 12.8 12.8 12.8zM496 400H48V80c0-8.84-7.16-16-16-16H16C7.16 64 0 71.16 0 80v336c0 17.67 14.33 32 32 32h464c8.84 0 16-7.16 16-16v-16c0-8.84-7.16-16-16-16zm-387.2-48h22.4c6.4 0 12.8-6.4 12.8-12.8v-70.4c0-6.4-6.4-12.8-12.8-12.8h-22.4c-6.4 0-12.8 6.4-12.8 12.8v70.4c0 6.4 6.4 12.8 12.8 12.8z\" class=\"\"><\/path><\/svg><\/i> <img loading=\"lazy\" decoding=\"async\" width=\"16\" height=\"16\" alt=\"Loading\" src=\"https:\/\/migueldecervantestomelloso.com\/wp-content\/plugins\/page-views-count\/ajax-loader-2x.gif\" border=0 \/><\/p>\n<div class=\"pvc_clear\"><\/div>\n","protected":false},"author":1,"featured_media":0,"parent":0,"menu_order":0,"comment_status":"closed","ping_status":"closed","template":"","meta":{"om_disable_all_campaigns":false,"_monsterinsights_skip_tracking":false,"_monsterinsights_sitenote_active":false,"_monsterinsights_sitenote_note":"","_monsterinsights_sitenote_category":0,"footnotes":""},"class_list":["post-1111","page","type-page","status-publish","hentry"],"aioseo_notices":[],"a3_pvc":{"activated":true,"total_views":0,"today_views":0},"_links":{"self":[{"href":"https:\/\/migueldecervantestomelloso.com\/index.php?rest_route=\/wp\/v2\/pages\/1111","targetHints":{"allow":["GET"]}}],"collection":[{"href":"https:\/\/migueldecervantestomelloso.com\/index.php?rest_route=\/wp\/v2\/pages"}],"about":[{"href":"https:\/\/migueldecervantestomelloso.com\/index.php?rest_route=\/wp\/v2\/types\/page"}],"author":[{"embeddable":true,"href":"https:\/\/migueldecervantestomelloso.com\/index.php?rest_route=\/wp\/v2\/users\/1"}],"replies":[{"embeddable":true,"href":"https:\/\/migueldecervantestomelloso.com\/index.php?rest_route=%2Fwp%2Fv2%2Fcomments&post=1111"}],"version-history":[{"count":20,"href":"https:\/\/migueldecervantestomelloso.com\/index.php?rest_route=\/wp\/v2\/pages\/1111\/revisions"}],"predecessor-version":[{"id":1150,"href":"https:\/\/migueldecervantestomelloso.com\/index.php?rest_route=\/wp\/v2\/pages\/1111\/revisions\/1150"}],"wp:attachment":[{"href":"https:\/\/migueldecervantestomelloso.com\/index.php?rest_route=%2Fwp%2Fv2%2Fmedia&parent=1111"}],"curies":[{"name":"wp","href":"https:\/\/api.w.org\/{rel}","templated":true}]}}